{"id":74,"date":"2025-09-07T12:04:41","date_gmt":"2025-09-07T10:04:41","guid":{"rendered":"https:\/\/www.masware.ch\/?page_id=74"},"modified":"2025-09-07T12:15:30","modified_gmt":"2025-09-07T10:15:30","slug":"schnittstellen","status":"publish","type":"page","link":"https:\/\/www.masware.ch\/?page_id=74","title":{"rendered":"Schnittstellen"},"content":{"rendered":"\n<div class=\"wp-block-group has-global-padding is-layout-constrained wp-block-group-is-layout-constrained\">\n<p class=\"has-xx-large-font-size\">Beratung und Entwicklung von von Schnittstellen im medizinischen Umfeld mit MIRTH Connect.<\/p>\n\n\n\n<div class=\"wp-block-group is-layout-grid wp-container-core-group-is-layout-a9535673 wp-block-group-is-layout-grid\">\n<figure class=\"wp-block-image size-large\" style=\"margin-top:var(--wp--preset--spacing--small);margin-bottom:var(--wp--preset--spacing--small)\"><img loading=\"lazy\" decoding=\"async\" width=\"1024\" height=\"585\" src=\"https:\/\/www.masware.ch\/wp-content\/uploads\/2025\/08\/mirth-logo-1024x585.webp\" alt=\"\" class=\"wp-image-33\" srcset=\"https:\/\/www.masware.ch\/wp-content\/uploads\/2025\/08\/mirth-logo-1024x585.webp 1024w, https:\/\/www.masware.ch\/wp-content\/uploads\/2025\/08\/mirth-logo-600x343.webp 600w, https:\/\/www.masware.ch\/wp-content\/uploads\/2025\/08\/mirth-logo-300x171.webp 300w, https:\/\/www.masware.ch\/wp-content\/uploads\/2025\/08\/mirth-logo-768x439.webp 768w, https:\/\/www.masware.ch\/wp-content\/uploads\/2025\/08\/mirth-logo.webp 1050w\" sizes=\"auto, (max-width: 1024px) 100vw, 1024px\" \/><\/figure>\n\n\n\n<figure class=\"wp-block-image size-full\"><img loading=\"lazy\" decoding=\"async\" width=\"800\" height=\"600\" src=\"https:\/\/www.masware.ch\/wp-content\/uploads\/2025\/09\/REST_socialmedia.jpg\" alt=\"\" class=\"wp-image-76\" srcset=\"https:\/\/www.masware.ch\/wp-content\/uploads\/2025\/09\/REST_socialmedia.jpg 800w, https:\/\/www.masware.ch\/wp-content\/uploads\/2025\/09\/REST_socialmedia-600x450.jpg 600w, https:\/\/www.masware.ch\/wp-content\/uploads\/2025\/09\/REST_socialmedia-300x225.jpg 300w, https:\/\/www.masware.ch\/wp-content\/uploads\/2025\/09\/REST_socialmedia-768x576.jpg 768w\" sizes=\"auto, (max-width: 800px) 100vw, 800px\" \/><\/figure>\n\n\n\n<figure class=\"wp-block-image size-full has-custom-border wp-container-content-68ba24f1\" style=\"margin-top:var(--wp--preset--spacing--large);margin-right:var(--wp--preset--spacing--large);margin-bottom:var(--wp--preset--spacing--large);margin-left:var(--wp--preset--spacing--large)\"><img loading=\"lazy\" decoding=\"async\" width=\"139\" height=\"96\" src=\"https:\/\/www.masware.ch\/wp-content\/uploads\/2025\/09\/Screenshot-2025-09-07-115848.png\" alt=\"\" class=\"wp-image-75\" style=\"border-style:none;border-width:0px\"\/><\/figure>\n<\/div>\n\n\n\n<p>Hochverf\u00fcgbare und zuverl\u00e4ssige Schnittstellen sind im medizinischen Bereich unerl\u00e4sslich. Die kostenlose Open-Source-Version des MIRTH von NextGen Connect stellt ihnen hierzu das ultimative Werkzeug zur Verf\u00fcgung.<\/p>\n\n\n\n<p>Die zahlreichen verf\u00fcgbaren M\u00f6glichkeiten zur Kommunikation in Verbindung mit der M\u00f6glichkeit zur JAVA-Programmierung in den Schnittstellen erm\u00f6glicht es so ziemlich jedes denkbare Schnittstellen-Szenario zu implementieren. Zudem bleiben die Kosten f\u00fcr den Betrieb aufgrund der freien Verf\u00fcgbarkeit der Software sehr gering.<\/p>\n\n\n\n<p>Bereits umgesetzte Szenarien:<\/p>\n\n\n\n<ul class=\"wp-block-list\">\n<li>HL7 &#8211; zu HL7 Transformation von Software A zu Software B<\/li>\n\n\n\n<li>Einlesen gescannter PDF-Dokumente, Interpretation des OCR-Inhaltes und Ablage im HR-Dossier per REST-Webservice<\/li>\n\n\n\n<li>Empfang von HL7 QRY-Anfragen und Bezug der ERP-Daten per SOAP, R\u00fcck\u00fcbermittlung der Patienteninformationen an das anfragende Ger\u00e4t<\/li>\n\n\n\n<li>Abfragen von Datenbank-Inhalten und Bereitstellung f\u00fcr die Darstellung und Suche im Intranet(Medikamenten-Listen, Arztlisten)<\/li>\n\n\n\n<li>Empfang und Ablage von medizinischen Dokumenten per HL7-ORU oder MDM und Ablage im KIS-System<\/li>\n\n\n\n<li>&#8230;.<\/li>\n<\/ul>\n\n\n\n<p>Gerne beraten wir sie bei der Umsetzung ihrer Schnittstellen oder Migration aus anderen Systemen. Stellen Sie ihre Anfrage an: <a href=\"mailto:info@masware.ch\">info@masware.ch<\/a><\/p>\n<\/div>\n\n\n\n<p><\/p>\n","protected":false},"excerpt":{"rendered":"<p>Beratung und Entwicklung von von Schnittstellen im medizinischen Umfeld mit MIRTH Connect. Hochverf\u00fcgbare und zuverl\u00e4ssige Schnittstellen sind im medizinischen Bereich unerl\u00e4sslich. Die kostenlose Open-Source-Version des MIRTH von NextGen Connect stellt ihnen hierzu das ultimative Werkzeug zur Verf\u00fcgung. Die zahlreichen verf\u00fcgbaren M\u00f6glichkeiten zur Kommunikation in Verbindung mit der M\u00f6glichkeit zur JAVA-Programmierung in den Schnittstellen erm\u00f6glicht es [&hellip;]<\/p>\n","protected":false},"author":1,"featured_media":0,"parent":0,"menu_order":0,"comment_status":"closed","ping_status":"closed","template":"","meta":{"footnotes":""},"class_list":["post-74","page","type-page","status-publish","hentry"],"jetpack_sharing_enabled":true,"_links":{"self":[{"href":"https:\/\/www.masware.ch\/index.php?rest_route=\/wp\/v2\/pages\/74","targetHints":{"allow":["GET"]}}],"collection":[{"href":"https:\/\/www.masware.ch\/index.php?rest_route=\/wp\/v2\/pages"}],"about":[{"href":"https:\/\/www.masware.ch\/index.php?rest_route=\/wp\/v2\/types\/page"}],"author":[{"embeddable":true,"href":"https:\/\/www.masware.ch\/index.php?rest_route=\/wp\/v2\/users\/1"}],"replies":[{"embeddable":true,"href":"https:\/\/www.masware.ch\/index.php?rest_route=%2Fwp%2Fv2%2Fcomments&post=74"}],"version-history":[{"count":11,"href":"https:\/\/www.masware.ch\/index.php?rest_route=\/wp\/v2\/pages\/74\/revisions"}],"predecessor-version":[{"id":89,"href":"https:\/\/www.masware.ch\/index.php?rest_route=\/wp\/v2\/pages\/74\/revisions\/89"}],"wp:attachment":[{"href":"https:\/\/www.masware.ch\/index.php?rest_route=%2Fwp%2Fv2%2Fmedia&parent=74"}],"curies":[{"name":"wp","href":"https:\/\/api.w.org\/{rel}","templated":true}]}}